+ 9640. Determine x(-3).
2008
Let u(r) = 11376*r + 15. What is u(0)?
15
Let q(m) = 99*m**2 + 45*m + 112. Determine q(-3).
868
Let l(f) = -6*f**3 + 289*f**2 - 59*f - 272. Give l(48).
-800
Let n(k) = -k**3 + 119*k**2 + 1062*k + 381. What is n(-8)?
13
Let k(s) = 9*s**2 - 751*s - 16054. Calculate k(101).
-96
Let z(t) = -3*t**3 + 146*t**2 - 1692*t + 372. Determine z(30).
12
Let m(r) = -2*r**3 + 14*r**2 + 69*r - 517. What is m(6)?
-31
Let f(l) = 3075*l**2 - 36904*l + 26. Give f(12).
-22
Let k(p) = 354*p + 1394. Calculate k(-5).
-376
Let q(f) = -f**2 + 7636*f - 1203465. What is q(161)?
10
Let s(u) = -u**3 - 105*u**2 + 121*u + 62094. What is s(-100)?
-6
Let q(o) = -1373*o + 24718. What is q(18)?
4
Let c(r) = 24*r**2 + 6*r - 1228. Determine c(7).
-10
Let p(f) = -22*f**3 - 419*f**2 + 421*f - 47. What is p(-20)?
-67
Let u(i) = -850*i + 5288. Determine u(10).
-3212
Let s(y) = y**3 - 49*y**2 + 35*y + 1761. Determine s(48).
1137
Let k(w) = -w**2 - 460*w - 18414. Give k(-43).
-483
Let l(u) = 12*u**2 - 1287*u - 6227. Determine l(112).
157
Let s(w) = 18*w**3 - 51*w**2 - 61*w + 74. Calculate s(-2).
-152
Let t(c) = -9*c**3 - 829*c**2 - 215*c - 11291. Give t(-92).
25
Let i(b) = -b**3 + 216*b**2 - 5279*b - 101. Determine i(28).
-521
Let l(z) = 34173*z - 820129. Determine l(24).
23
Let k(j) = -7361*j + 272443. What is k(37)?
86
Let z(o) = o**3 - 47*o**2 + 212*o + 100. Determine z(41).
-1294
Let u(a) = 690431*a + 40735439. Calculate u(-59).
10
Let r(a) = -2379*a**2 + 14305*a - 57. Determine r(6).
129
Let u(j) = 2*j**3 + 39*j**2 + 39*j - 264. Determine u(-18).
6
Let b(o) = -40*o + 8871. Give b(167).
2191
Let n(g) = 2023*g - 1294714. Calculate n(640).
6
Let p(w) = -1054*w**2 + 80104*w + 7. Give p(76).
7
Let a(p) = -56322*p + 788519. Calculate a(14).
11
Let u(k) = 2*k**3 - 485*k**2 - 2201*k - 5416. Give u(247).
18
Let i(b) = b**3 + 483*b**2 + 7736*b + 4217. Give i(-16).
-7
Let w(r) = 720*r**2 - 520*r - 33. Determine w(1).
167
Let j(t) = -40*t**2 + 4025*t - 29642. Determine j(8).
-2
Let a(i) = 3699*i + 59119. What is a(-16)?
-65
Let f(z) = z**3 + 94*z**2 - 1403*z - 1291. Calculate f(-107).
-7
Let l(i) = -23*i**2 - 6300*i - 11974. Give l(-272).
-6
Let c(w) = 2*w**3 + 95*w**2 + 526*w + 22505. Determine c(-47).
-8
Let v(k) = k**2 + 277*k + 14886. Determine v(-73).
-6
Let v(a) = -6*a**3 + 151*a**2 - 374*a - 63. Give v(21).
3108
Let a(u) = 15*u**2 - 443*u + 7408. Give a(17).
4212
Let o(l) = -75*l**2 + 170*l + 11. Give o(0).
11
Let o(q) = -q**2 + 205672*q + 3496718. Calculate o(-17).
5
Let g(j) = -j**3 + 69*j**2 - 391*j - 1953. Give g(10).
37
Let d(j) = -j**3 - 109*j**2 - 854*j + 4626. Give d(-100).
26
Let d(r) = -338012*r + 27040959. What is d(80)?
-1
Let l(w) = 10*w**2 + 2333*w - 8467. What is l(-237)?
302
Let c(d) = 23*d**2 - 25101*d + 33768. What is c(1090)?
-22
Let j(x) = 25582*x + 4783841. Determine j(-187).
7
Let o(m) = 7882*m - 14660. Calculate o(2).
1104
Let d(q) = -2*q**3 - 17*q**2 + 31*q + 322. Determine d(-10).
312
Let n(g) = g**3 + 74*g**2 - 430*g - 2767. Give n(-79).
-2
Let r(c) = -2210*c + 12699. Determine r(6).
-561
Let b(y) = -294704*y - 10609353. What is b(-36)?
-9
Let j(y) = -2*y**2 + 2659*y - 517845. What is j(237)?
0
Let z(d) = 195*d - 6656. Determine z(35).
169
Let i(p) = 21547*p - 452429. Give i(21).
58
Let h(a) = 38*a**2 - 5483*a + 114348. Give h(119).
-11
Let r(h) = -655*h + 45227. What is r(69)?
32
Let x(w) = 3*w**2 - 306*w - 3530. Determine x(112).
-170
Let a(g) = 3*g**3 + 622*g**2 + 199*g - 1396. What is a(-207)?
260
Let z(x) = x**3 + 53*x**2 + 363*x + 22525. Calculate z(-54).
7
Let x(j) = -2*j**2 + 100*j - 138. Determine x(54).
-570
Let n(k) = 8667*k - 268422. Calculate n(31).
255
Let c(t) = -190*t**3 - 36861*t**2 - 295*t - 19598. Calculate c(-194).
-4
Let t(d) = -6171*d + 24685. Calculate t(4).
1
Let c(t) = 392*t - 101170. Determine c(258).
-34
Let l(i) = -97*i + 11208. What is l(125)?
-917
Let i(v) = 7*v - 2085. Give i(10).
-2015
Let w(k) = k**3 - 1210*k**2 + 2346*k - 1374632. Calculate w(1209).
1
Let j(a) = 416*a - 12061. What is j(31)?
835
Let r(n) = 146*n - 5687. Determine r(40).
153
Let u(z) = z**3 + 27*z**2 + 42*z - 334. Calculate u(-25).
-134
Let d(w) = 54*w**2 - 2860*w - 100. What is d(53)?
6
Let a(i) = -i**3 + 320*i**2 + 5026*i - 13. Give a(-15).
-28
Let q(o) = -25*o**3 - 2*o**2 + 800*o - 1606. Give q(2).
-214
Let d(w) = w**2 - 353*w - 152481. Give d(-252).
-21
Let r(x) = -243*x - 11007. Determine r(-64).
4545
Let i(c) = 252951*c + 18465418. What is i(-73)?
-5
Let z(j) = 6*j**2 - 682*j - 4409. What is z(120)?
151
Let q(h) = 26*h**2 - 121*h - 5152. Determine q(-12).
44
Let z(h) = h**3 + 724*h**2 + 2884*h + 12. What is z(-4)?
-4
Let r(w) = -9*w**3 + w**2 - 12355*w - 24707. Calculate r(-2).
79
Let k(h) = 2665*h + 306458. Give k(-115).
-17
Let v(f) = -6046*f + 84586. Calculate v(14).
-58
Let j(u) = 4330*u + 21634. Give j(-5).
-16
Let v(q) = q**3 + 15*q**2 - 9*q + 137. Give v(-10).
727
Let c(g) = -247*g**3 - 8*g**2 - 224*g - 217. Determine c(-1).
246
Let f(t) = 14763*t - 12917616. Calculate f(875).
9
Let g(t) = -t**2 - 342*t + 10344. Determine g(28).
-16
Let q(g) = -g**2 - 46*g - 246. Determine q(-5).
-41
Let n(o) = -91*o + 2940. Give n(36).
-336
Let x(g) = 6*g**3 + 63*g**2 + 158*g + 49. What is x(-3)?
-20
Let b(g) = 9944*g + 845111. Determine b(-85).
-129
Let m(a) = 4*a**3 - 80*a**2 - 16*a + 293. Calculate m(20).
-27
Let k(s) = s**2 + 3*s + 1371. Give k(-38).
2701
Let y(d) = 73*d - 1175. Give y(4).
-883
Let u(i) = -i**3 + 307*i**2 - 2411*i + 5821. Calculate u(299).
140
Let s(m) = -7794*m - 109556. Calculate s(-14).
-440
Let x(y) = -6374*y - 19005. Calculate x(-3).
117
Let n(x) = -12*x**2 - 245*x - 614. What is n(-3)?
13
Let a(q) = 20175*q + 2763977. Calculate a(-137).
2
Let o(d) = -d**3 - 18*d**2 + 309*d + 5002. Determine o(-14).
-108
Let a(y) = 388*y + 22193. Calculate a(-60).
-1087
Let k(m) = 44032*m - 220162. What is k(5)?
-2
Let k(r) = 295*r - 15299. Give k(50).
-549
Let o(l) = -12*l**2 - 19*l + 159. Give o(3).
-6
Let f(j) = 2615*j - 625035. Calculate f(239).
-50
Let u(j) = 8987*j - 1815385. Calculate u(202).
-11
Let w(z) = 2*z**2 + 342*z - 1457. Determine w(-172).
-1113
Let s(u) = 1682*u + 40782. Calculate s(-25).
-1268
Let a(n) = 42*n**3 - 4328*n**2 + 224*n - 1949. What is a(103)?
-95
Let t(n) = 23*n - 1164. Determine t(50).
-14
Let v(g) = 159*g**2 + 620*g - 74. Calculate v(-4).
-10
Let z(j) = -237*j - 13738. Determine z(-58).
8
Let w(l) = -353*l**2 - 5298*l + 11960. Give w(-17).
9
Let h(q) = -415*q - 14972. Calculate h(-36).
-32
Let j(f) = 685*f + 247811. Calculate j(-362).
-159
Let r(y) = 3*y**3 - 5*y**2 + 37*y - 4. Determine r(9).
2111
Let g(q) = 119*q - 3481. Calculate g(25).
-506
Let b(z) = 3*z**2 + 402843*z - 1208549. What is b(3)?
7
Let u(i) = -40*i**2 - 8343*i - 16672. Give u(-2).
-146
Let s(p) = 219*p + 1909. What is s(-10)?
-281
Let b(n) = 7*n**3 + 8*n**2 + 63*n + 130. Give b(-6).
-1472
Let g(c) = -1603*c - 13751. Give g(-9).
676
Let a(q) = -2*q**2 + 493*q - 3797. Determine a(8).
19
Let a(d) = -12*d**2 - 1521*d - 4115. Calculate a(-124).
-23
Let t(i) = 2*i**3 - 14*i**2 - 110*i + 75. What is t(12)?
195
Let j(x) = -1001*x - 45956. What is j(-46)?
90
Let c(s) = 832*s - 71556. Calculate c(86).
-4
Let r(j) = j**2 + 708*j + 84907. Give r(-555).
-8
Let y(f) = f**3 - 176*f**2 - 9153*f - 667. Determine y(218).
-13
Let l(v) = -2*v**3 - 109*v**2 + 1999*v - 11967. Give l(-70).
3
Let b(w) = -92*w**2 - 870*w + 43. Determine b(-9).
421
Let v(m) = -19608*m - 529417. Determine v(-27).
-1
Let x(p) = -5*p**2 + 3906*p - 308652. Give x(692).
-20
Let a(v) = 66030*v + 264123. What is a(-4)?
3
Let i(u) = u**3 - 117*u**2 - 634*u + 2665. What is i(122)?
-263
Let q(s) = -27*s - 1702. Give q(-63).
-1
Let s(c) = 165*c + 4485. Give s(-27).
30
Let o(p) = -2*p**2 - 190*p - 371. What is o(-93)?
1
Let x(m) = 54*m - 481. Calculate x(25).
869
Let x(w) = -286299*w + 572589. Determine x(2).
-9
Let p(r) = -r**3 + 77*r**2 - 462*r - 1163. What is p(70)?
797
Let x(b) = 3*b**3 - 235*b**2 + 647*b - 26098. Calculate x(77).
5
Let q(h) = -h**3 + 107*h**2 - 691*h - 937. Determine q(100).
-37
Let t(j) = 2*j**3 - 2*j**2 - 1111*j - 139. What is t(-23)?
22
Let t(n) = 182288*n - 14947642. Calculate t(82).
-26
Let d(t) = -34247*t + 410958. What is d(12)?
-6
Let m(r) = 596*r